{"id":301,"date":"2024-01-01T00:26:09","date_gmt":"2024-01-01T00:26:09","guid":{"rendered":"http:\/\/ensinandofamilias.com\/?page_id=301"},"modified":"2024-01-02T22:39:51","modified_gmt":"2024-01-02T22:39:51","slug":"nova-artigos","status":"publish","type":"page","link":"http:\/\/ensinandofamilias.com\/?page_id=301","title":{"rendered":"Artigos"},"content":{"rendered":"<ul class=\"wp-block-latest-posts__list is-grid columns-2 has-dates has-author aligncenter wp-block-latest-posts\"><li><div class=\"wp-block-latest-posts__featured-image alignright\"><img loading=\"lazy\" decoding=\"async\" width=\"150\" height=\"150\" src=\"https:\/\/i0.wp.com\/ensinandofamilias.com\/wp-content\/uploads\/2024\/03\/pexels-hannah-nelson-1456951-scaled.jpg?resize=150%2C150\" class=\"attachment-thumbnail size-thumbnail wp-post-image\" alt=\"\" style=\"\" srcset=\"https:\/\/i0.wp.com\/ensinandofamilias.com\/wp-content\/uploads\/2024\/03\/pexels-hannah-nelson-1456951-scaled.jpg?resize=150%2C150 150w, https:\/\/i0.wp.com\/ensinandofamilias.com\/wp-content\/uploads\/2024\/03\/pexels-hannah-nelson-1456951-scaled.jpg?zoom=2&amp;resize=150%2C150 300w, https:\/\/i0.wp.com\/ensinandofamilias.com\/wp-content\/uploads\/2024\/03\/pexels-hannah-nelson-1456951-scaled.jpg?zoom=3&amp;resize=150%2C150 450w\" sizes=\"auto, (max-width: 150px) 100vw, 150px\" \/><\/div><a class=\"wp-block-latest-posts__post-title\" href=\"http:\/\/ensinandofamilias.com\/?p=408\">Os 4 Tipos de Pais<\/a><div class=\"wp-block-latest-posts__post-author\">por admin<\/div><time datetime=\"2024-03-31T00:15:50+00:00\" class=\"wp-block-latest-posts__post-date\">mar\u00e7o 31, 2024<\/time><div class=\"wp-block-latest-posts__post-excerpt\">A famosa combina\u00e7\u00e3o do feij\u00e3o com arroz do nosso Brasil faz sucesso &nbsp;at\u00e9 internacionalmente. \u00c9 aquela t\u00edpica comida que n\u00e3o tem erro. Basta um acompanhamento, uma saladinha e est\u00e1 tudo perfeito. Desde que me tornei m\u00e3e e comecei a pesquisar sobre cria\u00e7\u00e3o\u2026 <a href=\"http:\/\/ensinandofamilias.com\/?p=408\" rel=\"noopener noreferrer\">Read more<span class=\"screen-reader-text\">: Os 4 Tipos de Pais<\/span><\/a><\/div><\/li>\n<li><div class=\"wp-block-latest-posts__featured-image alignright\"><img loading=\"lazy\" decoding=\"async\" width=\"150\" height=\"150\" src=\"https:\/\/i0.wp.com\/ensinandofamilias.com\/wp-content\/uploads\/2024\/03\/pexels-felipe-cespedes-3029699-scaled.jpg?resize=150%2C150\" class=\"attachment-thumbnail size-thumbnail wp-post-image\" alt=\"\" style=\"\" srcset=\"https:\/\/i0.wp.com\/ensinandofamilias.com\/wp-content\/uploads\/2024\/03\/pexels-felipe-cespedes-3029699-scaled.jpg?resize=150%2C150 150w, https:\/\/i0.wp.com\/ensinandofamilias.com\/wp-content\/uploads\/2024\/03\/pexels-felipe-cespedes-3029699-scaled.jpg?zoom=2&amp;resize=150%2C150 300w, https:\/\/i0.wp.com\/ensinandofamilias.com\/wp-content\/uploads\/2024\/03\/pexels-felipe-cespedes-3029699-scaled.jpg?zoom=3&amp;resize=150%2C150 450w\" sizes=\"auto, (max-width: 150px) 100vw, 150px\" \/><\/div><a class=\"wp-block-latest-posts__post-title\" href=\"http:\/\/ensinandofamilias.com\/?p=403\">Quando nos omitimos em educar nossos filhos, pecamos!<\/a><div class=\"wp-block-latest-posts__post-author\">por admin<\/div><time datetime=\"2024-03-30T23:17:24+00:00\" class=\"wp-block-latest-posts__post-date\">mar\u00e7o 30, 2024<\/time><div class=\"wp-block-latest-posts__post-excerpt\">A B\u00edblia nos ensina em v\u00e1rias passagens que os pais s\u00e3o respons\u00e1veis pela educa\u00e7\u00e3o de seus filhos. Ef\u00e9sios 6:4 diz \u201cPais, n\u00e3o tratem seus filhos de modo a irrit\u00e1-los; antes, eduquem-nos com a disciplina e a instru\u00e7\u00e3o que v\u00eam do Senhor.\u201d Prov\u00e9rbios\u2026 <a href=\"http:\/\/ensinandofamilias.com\/?p=403\" rel=\"noopener noreferrer\">Read more<span class=\"screen-reader-text\">: Quando nos omitimos em educar nossos filhos, pecamos!<\/span><\/a><\/div><\/li>\n<li><div class=\"wp-block-latest-posts__featured-image alignright\"><img loading=\"lazy\" decoding=\"async\" width=\"150\" height=\"150\" src=\"https:\/\/i0.wp.com\/ensinandofamilias.com\/wp-content\/uploads\/2023\/12\/pexels-meruyert-gonullu-6034062-scaled.jpg?resize=150%2C150\" class=\"attachment-thumbnail size-thumbnail wp-post-image\" alt=\"\" style=\"\" srcset=\"https:\/\/i0.wp.com\/ensinandofamilias.com\/wp-content\/uploads\/2023\/12\/pexels-meruyert-gonullu-6034062-scaled.jpg?resize=150%2C150 150w, https:\/\/i0.wp.com\/ensinandofamilias.com\/wp-content\/uploads\/2023\/12\/pexels-meruyert-gonullu-6034062-scaled.jpg?zoom=2&amp;resize=150%2C150 300w, https:\/\/i0.wp.com\/ensinandofamilias.com\/wp-content\/uploads\/2023\/12\/pexels-meruyert-gonullu-6034062-scaled.jpg?zoom=3&amp;resize=150%2C150 450w\" sizes=\"auto, (max-width: 150px) 100vw, 150px\" \/><\/div><a class=\"wp-block-latest-posts__post-title\" href=\"http:\/\/ensinandofamilias.com\/?p=189\">Maternidade e Paternidade\u00a0Reinventadas: Crian\u00e7as que educam a si mesmas.<\/a><div class=\"wp-block-latest-posts__post-author\">por admin<\/div><time datetime=\"2023-12-30T04:39:10+00:00\" class=\"wp-block-latest-posts__post-date\">dezembro 30, 2023<\/time><div class=\"wp-block-latest-posts__post-excerpt\">Em um artigo da Folha de S\u00e3o Paulo sobre culpa materna, uma terapeuta disse que com a quebra do modelo tradicional da fam\u00edlia, as m\u00e3es precisam reinventar a maternidade e que : \u201cAs rela\u00e7\u00f5es entre m\u00e3es e filhos s\u00e3o de igual para\u2026 <a href=\"http:\/\/ensinandofamilias.com\/?p=189\" rel=\"noopener noreferrer\">Read more<span class=\"screen-reader-text\">: Maternidade e Paternidade\u00a0Reinventadas: Crian\u00e7as que educam a si mesmas.<\/span><\/a><\/div><\/li>\n<li><div class=\"wp-block-latest-posts__featured-image alignright\"><img loading=\"lazy\" decoding=\"async\" width=\"150\" height=\"150\" src=\"https:\/\/i0.wp.com\/ensinandofamilias.com\/wp-content\/uploads\/2023\/12\/pexels-ketut-subiyanto-4934725-scaled.jpg?resize=150%2C150\" class=\"attachment-thumbnail size-thumbnail wp-post-image\" alt=\"\" style=\"\" srcset=\"https:\/\/i0.wp.com\/ensinandofamilias.com\/wp-content\/uploads\/2023\/12\/pexels-ketut-subiyanto-4934725-scaled.jpg?resize=150%2C150 150w, https:\/\/i0.wp.com\/ensinandofamilias.com\/wp-content\/uploads\/2023\/12\/pexels-ketut-subiyanto-4934725-scaled.jpg?zoom=2&amp;resize=150%2C150 300w, https:\/\/i0.wp.com\/ensinandofamilias.com\/wp-content\/uploads\/2023\/12\/pexels-ketut-subiyanto-4934725-scaled.jpg?zoom=3&amp;resize=150%2C150 450w\" sizes=\"auto, (max-width: 150px) 100vw, 150px\" \/><\/div><a class=\"wp-block-latest-posts__post-title\" href=\"http:\/\/ensinandofamilias.com\/?p=187\">Disciplina e Corre\u00e7\u00e3o<\/a><div class=\"wp-block-latest-posts__post-author\">por admin<\/div><time datetime=\"2023-12-30T04:35:50+00:00\" class=\"wp-block-latest-posts__post-date\">dezembro 30, 2023<\/time><div class=\"wp-block-latest-posts__post-excerpt\">Uma das coisas que tem roubado a alegria de muitas fam\u00edlias \u00e9 acreditar que precisamos ter a casa, a fam\u00edlia, o trabalho e o c\u00f4njuge perfeitos para sermos felizes ou sermos aceitos. Mas quando olhamos na Palavra, vemos que este conceito est\u00e1\u2026 <a href=\"http:\/\/ensinandofamilias.com\/?p=187\" rel=\"noopener noreferrer\">Read more<span class=\"screen-reader-text\">: Disciplina e Corre\u00e7\u00e3o<\/span><\/a><\/div><\/li>\n<li><div class=\"wp-block-latest-posts__featured-image alignright\"><img loading=\"lazy\" decoding=\"async\" width=\"150\" height=\"150\" src=\"https:\/\/i0.wp.com\/ensinandofamilias.com\/wp-content\/uploads\/2023\/12\/pexels-barbara-olsen-7880785-scaled.jpg?resize=150%2C150\" class=\"attachment-thumbnail size-thumbnail wp-post-image\" alt=\"\" style=\"\" srcset=\"https:\/\/i0.wp.com\/ensinandofamilias.com\/wp-content\/uploads\/2023\/12\/pexels-barbara-olsen-7880785-scaled.jpg?resize=150%2C150 150w, https:\/\/i0.wp.com\/ensinandofamilias.com\/wp-content\/uploads\/2023\/12\/pexels-barbara-olsen-7880785-scaled.jpg?zoom=2&amp;resize=150%2C150 300w, https:\/\/i0.wp.com\/ensinandofamilias.com\/wp-content\/uploads\/2023\/12\/pexels-barbara-olsen-7880785-scaled.jpg?zoom=3&amp;resize=150%2C150 450w\" sizes=\"auto, (max-width: 150px) 100vw, 150px\" \/><\/div><a class=\"wp-block-latest-posts__post-title\" href=\"http:\/\/ensinandofamilias.com\/?p=183\">O Poder da Palavra dos Pais sobre a Vida dos Filhos<\/a><div class=\"wp-block-latest-posts__post-author\">por admin<\/div><time datetime=\"2023-12-30T04:23:30+00:00\" class=\"wp-block-latest-posts__post-date\">dezembro 30, 2023<\/time><div class=\"wp-block-latest-posts__post-excerpt\">As palavras dos pais t\u00eam um poder enorme de semear amor ou semear rancor, semear morte ou semear vida e esperan\u00e7a na vida dos nossos filhos. \u201cOs coment\u00e1rios de algumas pessoas ferem, mas as palavras dos s\u00e1bios trazem cura\u201d (Prov\u00e9rbios 12:18); \u201cPalavras\u2026 <a href=\"http:\/\/ensinandofamilias.com\/?p=183\" rel=\"noopener noreferrer\">Read more<span class=\"screen-reader-text\">: O Poder da Palavra dos Pais sobre a Vida dos Filhos<\/span><\/a><\/div><\/li>\n<li><div class=\"wp-block-latest-posts__featured-image alignright\"><img loading=\"lazy\" decoding=\"async\" width=\"150\" height=\"150\" src=\"https:\/\/i0.wp.com\/ensinandofamilias.com\/wp-content\/uploads\/2023\/12\/pexels-rdne-stock-project-7782161-scaled.jpg?resize=150%2C150\" class=\"attachment-thumbnail size-thumbnail wp-post-image\" alt=\"\" style=\"\" srcset=\"https:\/\/i0.wp.com\/ensinandofamilias.com\/wp-content\/uploads\/2023\/12\/pexels-rdne-stock-project-7782161-scaled.jpg?resize=150%2C150 150w, https:\/\/i0.wp.com\/ensinandofamilias.com\/wp-content\/uploads\/2023\/12\/pexels-rdne-stock-project-7782161-scaled.jpg?zoom=2&amp;resize=150%2C150 300w, https:\/\/i0.wp.com\/ensinandofamilias.com\/wp-content\/uploads\/2023\/12\/pexels-rdne-stock-project-7782161-scaled.jpg?zoom=3&amp;resize=150%2C150 450w\" sizes=\"auto, (max-width: 150px) 100vw, 150px\" \/><\/div><a class=\"wp-block-latest-posts__post-title\" href=\"http:\/\/ensinandofamilias.com\/?p=181\">Inf\u00e2ncia: Fase de Semear<\/a><div class=\"wp-block-latest-posts__post-author\">por admin<\/div><time datetime=\"2023-12-30T04:18:27+00:00\" class=\"wp-block-latest-posts__post-date\">dezembro 30, 2023<\/time><div class=\"wp-block-latest-posts__post-excerpt\">Crian\u00e7as s\u00e3o solo f\u00e9rtil para o plantio de sementes. Elas s\u00e3o curiosas, dispostas a aprender e humildes. Os intermin\u00e1veis \u201cpor qu\u00eas?\u201d, que \u00e0s vezes nos tiram do s\u00e9rio, s\u00e3o parte normal e saud\u00e1vel do desenvolvimento de uma crian\u00e7a. Crian\u00e7as est\u00e3o aprendendo o\u2026 <a href=\"http:\/\/ensinandofamilias.com\/?p=181\" rel=\"noopener noreferrer\">Read more<span class=\"screen-reader-text\">: Inf\u00e2ncia: Fase de Semear<\/span><\/a><\/div><\/li>\n<\/ul>","protected":false},"excerpt":{"rendered":"","protected":false},"author":1,"featured_media":0,"parent":0,"menu_order":0,"comment_status":"closed","ping_status":"closed","template":"page-with-sidebar","meta":{"footnotes":""},"class_list":["post-301","page","type-page","status-publish","hentry"],"jetpack_sharing_enabled":true,"jetpack-related-posts":[],"_links":{"self":[{"href":"http:\/\/ensinandofamilias.com\/index.php?rest_route=\/wp\/v2\/pages\/301","targetHints":{"allow":["GET"]}}],"collection":[{"href":"http:\/\/ensinandofamilias.com\/index.php?rest_route=\/wp\/v2\/pages"}],"about":[{"href":"http:\/\/ensinandofamilias.com\/index.php?rest_route=\/wp\/v2\/types\/page"}],"author":[{"embeddable":true,"href":"http:\/\/ensinandofamilias.com\/index.php?rest_route=\/wp\/v2\/users\/1"}],"replies":[{"embeddable":true,"href":"http:\/\/ensinandofamilias.com\/index.php?rest_route=%2Fwp%2Fv2%2Fcomments&post=301"}],"version-history":[{"count":16,"href":"http:\/\/ensinandofamilias.com\/index.php?rest_route=\/wp\/v2\/pages\/301\/revisions"}],"predecessor-version":[{"id":326,"href":"http:\/\/ensinandofamilias.com\/index.php?rest_route=\/wp\/v2\/pages\/301\/revisions\/326"}],"wp:attachment":[{"href":"http:\/\/ensinandofamilias.com\/index.php?rest_route=%2Fwp%2Fv2%2Fmedia&parent=301"}],"curies":[{"name":"wp","href":"https:\/\/api.w.org\/{rel}","templated":true}]}}

<ul class="wp-block-latest-posts__list is-grid columns-2 has-dates has-author aligncenter wp-block-latest-posts"><li><div class="wp-block-latest-posts__featured-image alignright"><img loading="lazy" decoding="async" width="150" height="150" src="https://i0.wp.com/ensinandofamilias.com/wp-content/uploads/2024/03/pexels-hannah-nelson-1456951-scaled.jpg?resize=150%2C150" class="attachment-thumbnail size-thumbnail wp-post-image" alt="" style="" srcset="https://i0.wp.com/ensinandofamilias.com/wp-content/uploads/2024/03/pexels-hannah-nelson-1456951-scaled.jpg?resize=150%2C150 150w, https://i0.wp.com/ensinandofamilias.com/wp-content/uploads/2024/03/pexels-hannah-nelson-1456951-scaled.jpg?zoom=2&amp;resize=150%2C150 300w, https://i0.wp.com/ensinandofamilias.com/wp-content/uploads/2024/03/pexels-hannah-nelson-1456951-scaled.jpg?zoom=3&amp;resize=150%2C150 450w" sizes="auto, (max-width: 150px) 100vw, 150px" /></div><a class="wp-block-latest-posts__post-title" href="http://ensinandofamilias.com/?p=408">Os 4 Tipos de Pais</a><div class="wp-block-latest-posts__post-author">por admin</div><time datetime="2024-03-31T00:15:50+00:00" class="wp-block-latest-posts__post-date">março 31, 2024</time><div class="wp-block-latest-posts__post-excerpt">A famosa combinação do feijão com arroz do nosso Brasil faz sucesso &nbsp;até internacionalmente. É aquela típica comida que não tem erro. Basta um acompanhamento, uma saladinha e está tudo perfeito. Desde que me tornei mãe e comecei a pesquisar sobre criação… <a href="http://ensinandofamilias.com/?p=408" rel="noopener noreferrer">Read more<span class="screen-reader-text">: Os 4 Tipos de Pais</span></a></div></li>
<li><div class="wp-block-latest-posts__featured-image alignright"><img loading="lazy" decoding="async" width="150" height="150" src="https://i0.wp.com/ensinandofamilias.com/wp-content/uploads/2024/03/pexels-felipe-cespedes-3029699-scaled.jpg?resize=150%2C150" class="attachment-thumbnail size-thumbnail wp-post-image" alt="" style="" srcset="https://i0.wp.com/ensinandofamilias.com/wp-content/uploads/2024/03/pexels-felipe-cespedes-3029699-scaled.jpg?resize=150%2C150 150w, https://i0.wp.com/ensinandofamilias.com/wp-content/uploads/2024/03/pexels-felipe-cespedes-3029699-scaled.jpg?zoom=2&amp;resize=150%2C150 300w, https://i0.wp.com/ensinandofamilias.com/wp-content/uploads/2024/03/pexels-felipe-cespedes-3029699-scaled.jpg?zoom=3&amp;resize=150%2C150 450w" sizes="auto, (max-width: 150px) 100vw, 150px" /></div><a class="wp-block-latest-posts__post-title" href="http://ensinandofamilias.com/?p=403">Quando nos omitimos em educar nossos filhos, pecamos!</a><div class="wp-block-latest-posts__post-author">por admin</div><time datetime="2024-03-30T23:17:24+00:00" class="wp-block-latest-posts__post-date">março 30, 2024</time><div class="wp-block-latest-posts__post-excerpt">A Bíblia nos ensina em várias passagens que os pais são responsáveis pela educação de seus filhos. Efésios 6:4 diz “Pais, não tratem seus filhos de modo a irritá-los; antes, eduquem-nos com a disciplina e a instrução que vêm do Senhor.” Provérbios… <a href="http://ensinandofamilias.com/?p=403" rel="noopener noreferrer">Read more<span class="screen-reader-text">: Quando nos omitimos em educar nossos filhos, pecamos!</span></a></div></li>
<li><div class="wp-block-latest-posts__featured-image alignright"><img loading="lazy" decoding="async" width="150" height="150" src="https://i0.wp.com/ensinandofamilias.com/wp-content/uploads/2023/12/pexels-meruyert-gonullu-6034062-scaled.jpg?resize=150%2C150" class="attachment-thumbnail size-thumbnail wp-post-image" alt="" style="" srcset="https://i0.wp.com/ensinandofamilias.com/wp-content/uploads/2023/12/pexels-meruyert-gonullu-6034062-scaled.jpg?resize=150%2C150 150w, https://i0.wp.com/ensinandofamilias.com/wp-content/uploads/2023/12/pexels-meruyert-gonullu-6034062-scaled.jpg?zoom=2&amp;resize=150%2C150 300w, https://i0.wp.com/ensinandofamilias.com/wp-content/uploads/2023/12/pexels-meruyert-gonullu-6034062-scaled.jpg?zoom=3&amp;resize=150%2C150 450w" sizes="auto, (max-width: 150px) 100vw, 150px" /></div><a class="wp-block-latest-posts__post-title" href="http://ensinandofamilias.com/?p=189">Maternidade e Paternidade Reinventadas: Crianças que educam a si mesmas.</a><div class="wp-block-latest-posts__post-author">por admin</div><time datetime="2023-12-30T04:39:10+00:00" class="wp-block-latest-posts__post-date">dezembro 30, 2023</time><div class="wp-block-latest-posts__post-excerpt">Em um artigo da Folha de São Paulo sobre culpa materna, uma terapeuta disse que com a quebra do modelo tradicional da família, as mães precisam reinventar a maternidade e que : “As relações entre mães e filhos são de igual para… <a href="http://ensinandofamilias.com/?p=189" rel="noopener noreferrer">Read more<span class="screen-reader-text">: Maternidade e Paternidade Reinventadas: Crianças que educam a si mesmas.</span></a></div></li>
<li><div class="wp-block-latest-posts__featured-image alignright"><img loading="lazy" decoding="async" width="150" height="150" src="https://i0.wp.com/ensinandofamilias.com/wp-content/uploads/2023/12/pexels-ketut-subiyanto-4934725-scaled.jpg?resize=150%2C150" class="attachment-thumbnail size-thumbnail wp-post-image" alt="" style="" srcset="https://i0.wp.com/ensinandofamilias.com/wp-content/uploads/2023/12/pexels-ketut-subiyanto-4934725-scaled.jpg?resize=150%2C150 150w, https://i0.wp.com/ensinandofamilias.com/wp-content/uploads/2023/12/pexels-ketut-subiyanto-4934725-scaled.jpg?zoom=2&amp;resize=150%2C150 300w, https://i0.wp.com/ensinandofamilias.com/wp-content/uploads/2023/12/pexels-ketut-subiyanto-4934725-scaled.jpg?zoom=3&amp;resize=150%2C150 450w" sizes="auto, (max-width: 150px) 100vw, 150px" /></div><a class="wp-block-latest-posts__post-title" href="http://ensinandofamilias.com/?p=187">Disciplina e Correção</a><div class="wp-block-latest-posts__post-author">por admin</div><time datetime="2023-12-30T04:35:50+00:00" class="wp-block-latest-posts__post-date">dezembro 30, 2023</time><div class="wp-block-latest-posts__post-excerpt">Uma das coisas que tem roubado a alegria de muitas famílias é acreditar que precisamos ter a casa, a família, o trabalho e o cônjuge perfeitos para sermos felizes ou sermos aceitos. Mas quando olhamos na Palavra, vemos que este conceito está… <a href="http://ensinandofamilias.com/?p=187" rel="noopener noreferrer">Read more<span class="screen-reader-text">: Disciplina e Correção</span></a></div></li>
<li><div class="wp-block-latest-posts__featured-image alignright"><img loading="lazy" decoding="async" width="150" height="150" src="https://i0.wp.com/ensinandofamilias.com/wp-content/uploads/2023/12/pexels-barbara-olsen-7880785-scaled.jpg?resize=150%2C150" class="attachment-thumbnail size-thumbnail wp-post-image" alt="" style="" srcset="https://i0.wp.com/ensinandofamilias.com/wp-content/uploads/2023/12/pexels-barbara-olsen-7880785-scaled.jpg?resize=150%2C150 150w, https://i0.wp.com/ensinandofamilias.com/wp-content/uploads/2023/12/pexels-barbara-olsen-7880785-scaled.jpg?zoom=2&amp;resize=150%2C150 300w, https://i0.wp.com/ensinandofamilias.com/wp-content/uploads/2023/12/pexels-barbara-olsen-7880785-scaled.jpg?zoom=3&amp;resize=150%2C150 450w" sizes="auto, (max-width: 150px) 100vw, 150px" /></div><a class="wp-block-latest-posts__post-title" href="http://ensinandofamilias.com/?p=183">O Poder da Palavra dos Pais sobre a Vida dos Filhos</a><div class="wp-block-latest-posts__post-author">por admin</div><time datetime="2023-12-30T04:23:30+00:00" class="wp-block-latest-posts__post-date">dezembro 30, 2023</time><div class="wp-block-latest-posts__post-excerpt">As palavras dos pais têm um poder enorme de semear amor ou semear rancor, semear morte ou semear vida e esperança na vida dos nossos filhos. “Os comentários de algumas pessoas ferem, mas as palavras dos sábios trazem cura” (Provérbios 12:18); “Palavras… <a href="http://ensinandofamilias.com/?p=183" rel="noopener noreferrer">Read more<span class="screen-reader-text">: O Poder da Palavra dos Pais sobre a Vida dos Filhos</span></a></div></li>
<li><div class="wp-block-latest-posts__featured-image alignright"><img loading="lazy" decoding="async" width="150" height="150" src="https://i0.wp.com/ensinandofamilias.com/wp-content/uploads/2023/12/pexels-rdne-stock-project-7782161-scaled.jpg?resize=150%2C150" class="attachment-thumbnail size-thumbnail wp-post-image" alt="" style="" srcset="https://i0.wp.com/ensinandofamilias.com/wp-content/uploads/2023/12/pexels-rdne-stock-project-7782161-scaled.jpg?resize=150%2C150 150w, https://i0.wp.com/ensinandofamilias.com/wp-content/uploads/2023/12/pexels-rdne-stock-project-7782161-scaled.jpg?zoom=2&amp;resize=150%2C150 300w, https://i0.wp.com/ensinandofamilias.com/wp-content/uploads/2023/12/pexels-rdne-stock-project-7782161-scaled.jpg?zoom=3&amp;resize=150%2C150 450w" sizes="auto, (max-width: 150px) 100vw, 150px" /></div><a class="wp-block-latest-posts__post-title" href="http://ensinandofamilias.com/?p=181">Infância: Fase de Semear</a><div class="wp-block-latest-posts__post-author">por admin</div><time datetime="2023-12-30T04:18:27+00:00" class="wp-block-latest-posts__post-date">dezembro 30, 2023</time><div class="wp-block-latest-posts__post-excerpt">Crianças são solo fértil para o plantio de sementes. Elas são curiosas, dispostas a aprender e humildes. Os intermináveis “por quês?”, que às vezes nos tiram do sério, são parte normal e saudável do desenvolvimento de uma criança. Crianças estão aprendendo o… <a href="http://ensinandofamilias.com/?p=181" rel="noopener noreferrer">Read more<span class="screen-reader-text">: Infância: Fase de Semear</span></a></div></li>
</ul>
